{"id":25009,"date":"2024-12-11T08:49:00","date_gmt":"2024-12-11T07:49:00","guid":{"rendered":"https:\/\/voice.global\/?post_type=time-stamp&#038;p=25009"},"modified":"2024-12-11T08:49:01","modified_gmt":"2024-12-11T07:49:01","slug":"now-us-prix","status":"publish","type":"time-stamp","link":"https:\/\/voice.global\/fr\/time-stamp\/now-us-prix\/","title":{"rendered":"NOW-Us ! Prix"},"content":{"rendered":"\n<p>En partenariat avec Partos, les NOW-Us ! ont \u00e9t\u00e9 organis\u00e9s aux Pays-Bas. Reconnaissant le potentiel expansif et la passion inestimable des partenaires b\u00e9n\u00e9ficiaires et des d\u00e9tenteurs de droits, ces prix ont fourni aux partenaires b\u00e9n\u00e9ficiaires de Voice un espace pour promouvoir davantage leur plaidoyer et pr\u00e9senter leurs initiatives inclusives au niveau mondial. Par la suite, ces prix ont \u00e9t\u00e9 adopt\u00e9s par les \u00e9quipes nationales de Voice, et m\u00eame par les partenaires b\u00e9n\u00e9ficiaires, \u00e9largissant ainsi leur port\u00e9e aux groupes et organisations \u00e9mergents.<\/p>\n","protected":false},"featured_media":25577,"template":"","class_list":["post-25009","time-stamp","type-time-stamp","status-publish","has-post-thumbnail","hentry"],"yoast_head":"<!-- This site is optimized with the Yoast SEO plugin v27.4 - https:\/\/yoast.com\/product\/yoast-seo-wordpress\/ -->\n<title>NOW-Us ! Prix - Voice.Global<\/title>\n<meta name=\"robots\" content=\"index, follow, max-snippet:-1, max-image-preview:large, max-video-preview:-1\" \/>\n<link rel=\"canonical\" href=\"https:\/\/voice.global\/fr\/time-stamp\/now-us-prix\/\" \/>\n<meta property=\"og:locale\" content=\"fr_FR\" \/>\n<meta property=\"og:type\" content=\"article\" \/>\n<meta property=\"og:title\" content=\"NOW-Us ! Prix - Voice.Global\" \/>\n<meta property=\"og:description\" content=\"En partenariat avec Partos, les NOW-Us ! ont \u00e9t\u00e9 organis\u00e9s aux Pays-Bas. Reconnaissant le potentiel expansif et la passion inestimable des partenaires b\u00e9n\u00e9ficiaires et des d\u00e9tenteurs de droits, ces prix ont fourni aux partenaires b\u00e9n\u00e9ficiaires de Voice un espace pour promouvoir davantage leur plaidoyer et pr\u00e9senter leurs initiatives inclusives au niveau mondial. Par la suite, [&hellip;]\" \/>\n<meta property=\"og:url\" content=\"https:\/\/voice.global\/fr\/time-stamp\/now-us-prix\/\" \/>\n<meta property=\"og:site_name\" content=\"Voice.Global\" \/>\n<meta property=\"article:modified_time\" content=\"2024-12-11T07:49:01+00:00\" \/>\n<meta property=\"og:image\" content=\"https:\/\/voice.global\/assets\/2024\/12\/All-the-nominees-of-the-NOW-Us-Awards-2018-in-the-Netherlands-1024x683.jpg\" \/>\n\t<meta property=\"og:image:width\" content=\"1024\" \/>\n\t<meta property=\"og:image:height\" content=\"683\" \/>\n\t<meta property=\"og:image:type\" content=\"image\/jpeg\" \/>\n<meta name=\"twitter:card\" content=\"summary_large_image\" \/>\n<meta name=\"twitter:label1\" content=\"Dur\u00e9e de lecture estim\u00e9e\" \/>\n\t<meta name=\"twitter:data1\" content=\"1 minute\" \/>\n<script type=\"application\/ld+json\" class=\"yoast-schema-graph\">{\"@context\":\"https:\\\/\\\/schema.org\",\"@graph\":[{\"@type\":\"WebPage\",\"@id\":\"https:\\\/\\\/voice.global\\\/fr\\\/time-stamp\\\/now-us-prix\\\/\",\"url\":\"https:\\\/\\\/voice.global\\\/fr\\\/time-stamp\\\/now-us-prix\\\/\",\"name\":\"NOW-Us ! Prix - Voice.Global\",\"isPartOf\":{\"@id\":\"https:\\\/\\\/voice.global\\\/fr\\\/#website\"},\"primaryImageOfPage\":{\"@id\":\"https:\\\/\\\/voice.global\\\/fr\\\/time-stamp\\\/now-us-prix\\\/#primaryimage\"},\"image\":{\"@id\":\"https:\\\/\\\/voice.global\\\/fr\\\/time-stamp\\\/now-us-prix\\\/#primaryimage\"},\"thumbnailUrl\":\"https:\\\/\\\/voice.global\\\/assets\\\/2024\\\/12\\\/All-the-nominees-of-the-NOW-Us-Awards-2018-in-the-Netherlands-scaled.jpg\",\"datePublished\":\"2024-12-11T07:49:00+00:00\",\"dateModified\":\"2024-12-11T07:49:01+00:00\",\"breadcrumb\":{\"@id\":\"https:\\\/\\\/voice.global\\\/fr\\\/time-stamp\\\/now-us-prix\\\/#breadcrumb\"},\"inLanguage\":\"fr-FR\",\"potentialAction\":[{\"@type\":\"ReadAction\",\"target\":[\"https:\\\/\\\/voice.global\\\/fr\\\/time-stamp\\\/now-us-prix\\\/\"]}]},{\"@type\":\"ImageObject\",\"inLanguage\":\"fr-FR\",\"@id\":\"https:\\\/\\\/voice.global\\\/fr\\\/time-stamp\\\/now-us-prix\\\/#primaryimage\",\"url\":\"https:\\\/\\\/voice.global\\\/assets\\\/2024\\\/12\\\/All-the-nominees-of-the-NOW-Us-Awards-2018-in-the-Netherlands-scaled.jpg\",\"contentUrl\":\"https:\\\/\\\/voice.global\\\/assets\\\/2024\\\/12\\\/All-the-nominees-of-the-NOW-Us-Awards-2018-in-the-Netherlands-scaled.jpg\",\"width\":2560,\"height\":1706},{\"@type\":\"BreadcrumbList\",\"@id\":\"https:\\\/\\\/voice.global\\\/fr\\\/time-stamp\\\/now-us-prix\\\/#breadcrumb\",\"itemListElement\":[{\"@type\":\"ListItem\",\"position\":1,\"name\":\"Home\",\"item\":\"https:\\\/\\\/voice.global\\\/fr\\\/\"},{\"@type\":\"ListItem\",\"position\":2,\"name\":\"Time stamps\",\"item\":\"https:\\\/\\\/voice.global\\\/time-stamp\\\/\"},{\"@type\":\"ListItem\",\"position\":3,\"name\":\"NOW-Us ! Prix\"}]},{\"@type\":\"WebSite\",\"@id\":\"https:\\\/\\\/voice.global\\\/fr\\\/#website\",\"url\":\"https:\\\/\\\/voice.global\\\/fr\\\/\",\"name\":\"Voice.Global\",\"description\":\"Include - Innovate - Influence\",\"potentialAction\":[{\"@type\":\"SearchAction\",\"target\":{\"@type\":\"EntryPoint\",\"urlTemplate\":\"https:\\\/\\\/voice.global\\\/fr\\\/?s={search_term_string}\"},\"query-input\":{\"@type\":\"PropertyValueSpecification\",\"valueRequired\":true,\"valueName\":\"search_term_string\"}}],\"inLanguage\":\"fr-FR\"}]}<\/script>\n<!-- \/ Yoast SEO plugin. -->","yoast_head_json":{"title":"NOW-Us ! Prix - Voice.Global","robots":{"index":"index","follow":"follow","max-snippet":"max-snippet:-1","max-image-preview":"max-image-preview:large","max-video-preview":"max-video-preview:-1"},"canonical":"https:\/\/voice.global\/fr\/time-stamp\/now-us-prix\/","og_locale":"fr_FR","og_type":"article","og_title":"NOW-Us ! Prix - Voice.Global","og_description":"En partenariat avec Partos, les NOW-Us ! ont \u00e9t\u00e9 organis\u00e9s aux Pays-Bas. Reconnaissant le potentiel expansif et la passion inestimable des partenaires b\u00e9n\u00e9ficiaires et des d\u00e9tenteurs de droits, ces prix ont fourni aux partenaires b\u00e9n\u00e9ficiaires de Voice un espace pour promouvoir davantage leur plaidoyer et pr\u00e9senter leurs initiatives inclusives au niveau mondial. Par la suite, [&hellip;]","og_url":"https:\/\/voice.global\/fr\/time-stamp\/now-us-prix\/","og_site_name":"Voice.Global","article_modified_time":"2024-12-11T07:49:01+00:00","og_image":[{"width":1024,"height":683,"url":"https:\/\/voice.global\/assets\/2024\/12\/All-the-nominees-of-the-NOW-Us-Awards-2018-in-the-Netherlands-1024x683.jpg","type":"image\/jpeg"}],"twitter_card":"summary_large_image","twitter_misc":{"Dur\u00e9e de lecture estim\u00e9e":"1 minute"},"schema":{"@context":"https:\/\/schema.org","@graph":[{"@type":"WebPage","@id":"https:\/\/voice.global\/fr\/time-stamp\/now-us-prix\/","url":"https:\/\/voice.global\/fr\/time-stamp\/now-us-prix\/","name":"NOW-Us ! Prix - Voice.Global","isPartOf":{"@id":"https:\/\/voice.global\/fr\/#website"},"primaryImageOfPage":{"@id":"https:\/\/voice.global\/fr\/time-stamp\/now-us-prix\/#primaryimage"},"image":{"@id":"https:\/\/voice.global\/fr\/time-stamp\/now-us-prix\/#primaryimage"},"thumbnailUrl":"https:\/\/voice.global\/assets\/2024\/12\/All-the-nominees-of-the-NOW-Us-Awards-2018-in-the-Netherlands-scaled.jpg","datePublished":"2024-12-11T07:49:00+00:00","dateModified":"2024-12-11T07:49:01+00:00","breadcrumb":{"@id":"https:\/\/voice.global\/fr\/time-stamp\/now-us-prix\/#breadcrumb"},"inLanguage":"fr-FR","potentialAction":[{"@type":"ReadAction","target":["https:\/\/voice.global\/fr\/time-stamp\/now-us-prix\/"]}]},{"@type":"ImageObject","inLanguage":"fr-FR","@id":"https:\/\/voice.global\/fr\/time-stamp\/now-us-prix\/#primaryimage","url":"https:\/\/voice.global\/assets\/2024\/12\/All-the-nominees-of-the-NOW-Us-Awards-2018-in-the-Netherlands-scaled.jpg","contentUrl":"https:\/\/voice.global\/assets\/2024\/12\/All-the-nominees-of-the-NOW-Us-Awards-2018-in-the-Netherlands-scaled.jpg","width":2560,"height":1706},{"@type":"BreadcrumbList","@id":"https:\/\/voice.global\/fr\/time-stamp\/now-us-prix\/#breadcrumb","itemListElement":[{"@type":"ListItem","position":1,"name":"Home","item":"https:\/\/voice.global\/fr\/"},{"@type":"ListItem","position":2,"name":"Time stamps","item":"https:\/\/voice.global\/time-stamp\/"},{"@type":"ListItem","position":3,"name":"NOW-Us ! Prix"}]},{"@type":"WebSite","@id":"https:\/\/voice.global\/fr\/#website","url":"https:\/\/voice.global\/fr\/","name":"Voice.Global","description":"Include - Innovate - Influence","potentialAction":[{"@type":"SearchAction","target":{"@type":"EntryPoint","urlTemplate":"https:\/\/voice.global\/fr\/?s={search_term_string}"},"query-input":{"@type":"PropertyValueSpecification","valueRequired":true,"valueName":"search_term_string"}}],"inLanguage":"fr-FR"}]}},"_links":{"self":[{"href":"https:\/\/voice.global\/fr\/wp-json\/wp\/v2\/time-stamp\/25009","targetHints":{"allow":["GET"]}}],"collection":[{"href":"https:\/\/voice.global\/fr\/wp-json\/wp\/v2\/time-stamp"}],"about":[{"href":"https:\/\/voice.global\/fr\/wp-json\/wp\/v2\/types\/time-stamp"}],"wp:featuredmedia":[{"embeddable":true,"href":"https:\/\/voice.global\/fr\/wp-json\/wp\/v2\/media\/25577"}],"wp:attachment":[{"href":"https:\/\/voice.global\/fr\/wp-json\/wp\/v2\/media?parent=25009"}],"curies":[{"name":"wp","href":"https:\/\/api.w.org\/{rel}","templated":true}]}}

<p>En partenariat avec Partos, les NOW-Us ! ont été organisés aux Pays-Bas. Reconnaissant le potentiel expansif et la passion inestimable des partenaires bénéficiaires et des détenteurs de droits, ces prix ont fourni aux partenaires bénéficiaires de Voice un espace pour promouvoir davantage leur plaidoyer et présenter leurs initiatives inclusives au niveau mondial. Par la suite, ces prix ont été adoptés par les équipes nationales de Voice, et même par les partenaires bénéficiaires, élargissant ainsi leur portée aux groupes et organisations émergents.</p>

<!-- This site is optimized with the Yoast SEO plugin v27.4 - https://yoast.com/product/yoast-seo-wordpress/ -->
<title>NOW-Us ! Prix - Voice.Global</title>
<meta name="robots" content="index, follow, max-snippet:-1, max-image-preview:large, max-video-preview:-1" />
<link rel="canonical" href="https://voice.global/fr/time-stamp/now-us-prix/" />
<meta property="og:locale" content="fr_FR" />
<meta property="og:type" content="article" />
<meta property="og:title" content="NOW-Us ! Prix - Voice.Global" />
<meta property="og:description" content="En partenariat avec Partos, les NOW-Us ! ont été organisés aux Pays-Bas. Reconnaissant le potentiel expansif et la passion inestimable des partenaires bénéficiaires et des détenteurs de droits, ces prix ont fourni aux partenaires bénéficiaires de Voice un espace pour promouvoir davantage leur plaidoyer et présenter leurs initiatives inclusives au niveau mondial. Par la suite, [&hellip;]" />
<meta property="og:url" content="https://voice.global/fr/time-stamp/now-us-prix/" />
<meta property="og:site_name" content="Voice.Global" />
<meta property="article:modified_time" content="2024-12-11T07:49:01+00:00" />
<meta property="og:image" content="https://voice.global/assets/2024/12/All-the-nominees-of-the-NOW-Us-Awards-2018-in-the-Netherlands-1024x683.jpg" />
	<meta property="og:image:width" content="1024" />
	<meta property="og:image:height" content="683" />
	<meta property="og:image:type" content="image/jpeg" />
<meta name="twitter:card" content="summary_large_image" />
<meta name="twitter:label1" content="Durée de lecture estimée" />
	<meta name="twitter:data1" content="1 minute" />
<script type="application/ld+json" class="yoast-schema-graph">{"@context":"https:\/\/schema.org","@graph":[{"@type":"WebPage","@id":"https:\/\/voice.global\/fr\/time-stamp\/now-us-prix\/","url":"https:\/\/voice.global\/fr\/time-stamp\/now-us-prix\/","name":"NOW-Us ! Prix - Voice.Global","isPartOf":{"@id":"https:\/\/voice.global\/fr\/#website"},"primaryImageOfPage":{"@id":"https:\/\/voice.global\/fr\/time-stamp\/now-us-prix\/#primaryimage"},"image":{"@id":"https:\/\/voice.global\/fr\/time-stamp\/now-us-prix\/#primaryimage"},"thumbnailUrl":"https:\/\/voice.global\/assets\/2024\/12\/All-the-nominees-of-the-NOW-Us-Awards-2018-in-the-Netherlands-scaled.jpg","datePublished":"2024-12-11T07:49:00+00:00","dateModified":"2024-12-11T07:49:01+00:00","breadcrumb":{"@id":"https:\/\/voice.global\/fr\/time-stamp\/now-us-prix\/#breadcrumb"},"inLanguage":"fr-FR","potentialAction":[{"@type":"ReadAction","target":["https:\/\/voice.global\/fr\/time-stamp\/now-us-prix\/"]}]},{"@type":"ImageObject","inLanguage":"fr-FR","@id":"https:\/\/voice.global\/fr\/time-stamp\/now-us-prix\/#primaryimage","url":"https:\/\/voice.global\/assets\/2024\/12\/All-the-nominees-of-the-NOW-Us-Awards-2018-in-the-Netherlands-scaled.jpg","contentUrl":"https:\/\/voice.global\/assets\/2024\/12\/All-the-nominees-of-the-NOW-Us-Awards-2018-in-the-Netherlands-scaled.jpg","width":2560,"height":1706},{"@type":"BreadcrumbList","@id":"https:\/\/voice.global\/fr\/time-stamp\/now-us-prix\/#breadcrumb","itemListElement":[{"@type":"ListItem","position":1,"name":"Home","item":"https:\/\/voice.global\/fr\/"},{"@type":"ListItem","position":2,"name":"Time stamps","item":"https:\/\/voice.global\/time-stamp\/"},{"@type":"ListItem","position":3,"name":"NOW-Us ! Prix"}]},{"@type":"WebSite","@id":"https:\/\/voice.global\/fr\/#website","url":"https:\/\/voice.global\/fr\/","name":"Voice.Global","description":"Include - Innovate - Influence","potentialAction":[{"@type":"SearchAction","target":{"@type":"EntryPoint","urlTemplate":"https:\/\/voice.global\/fr\/?s={search_term_string}"},"query-input":{"@type":"PropertyValueSpecification","valueRequired":true,"valueName":"search_term_string"}}],"inLanguage":"fr-FR"}]}</script>
<!-- / Yoast SEO plugin. -->

En partenariat avec Partos, les NOW-Us ! ont été organisés aux Pays-Bas. Reconnaissant le potentiel expansif et la passion inestimable des partenaires bénéficiaires et des détenteurs de droits, ces prix ont fourni aux partenaires bénéficiaires de Voice un espace pour promouvoir davantage leur plaidoyer et présenter leurs initiatives inclusives au niveau mondial. Par la suite, [&hellip;]
