{"id":13775,"date":"2021-04-09T07:46:44","date_gmt":"2021-04-09T05:46:44","guid":{"rendered":"https:\/\/voice.global\/?post_type=5years&#038;p=13775"},"modified":"2021-04-09T07:46:46","modified_gmt":"2021-04-09T05:46:46","slug":"magique-moment-aminata","status":"publish","type":"5years","link":"https:\/\/voice.global\/fr\/5years\/magique-moment-aminata\/","title":{"rendered":"Aminata Awa Bousso LY"},"content":{"rendered":"\n<p>Bonjour \u00e0 toute la famille Voice ! Je m\u2019appelle Aminata Awa Bousso LY, je suis charg\u00e9e du projet Voice \u00e0 la RADDHO au S\u00e9n\u00e9gal dans le cadre du projet d\u00e9nomm\u00e9 \u00ab Mettre fin \u00e0 la mendicit\u00e9 forc\u00e9e des enfants en Afrique de l\u2019Ouest qu\u2019est ce qui marche ? \u00bb Un projet qui est \u00e9galement mis en \u0153uvre avec deux autres organisations partenaires, Enda au Mali et ANTD au Niger.<\/p>\n\n\n\n<p>Dans le cadre de cette initiative, on peut dire que Voice nous a permis d\u2019exp\u00e9rimenter beaucoup de moments magiques \u00e0 travers des activit\u00e9s innovantes.<\/p>\n\n\n\n<p>Le premier moment magique a \u00e9t\u00e9 la mise sur pied d\u2019une association de talib\u00e9 \u00e0 Dakar, ce qui \u00e9tait une premi\u00e8re au S\u00e9n\u00e9gal. Ces enfants qui ont toujours \u00e9t\u00e9 consid\u00e9r\u00e9s comme des \u00eatres vuln\u00e9rables qui mendient \u00e0 longueur de journ\u00e9e, se sont vus cr\u00e9er un cadre entre enfants qui leur permettrait de faire entendre leurs voix et de participer au plaidoyer pour l\u2019am\u00e9lioration de leurs conditions de vie et d\u2019apprentissage.<\/p>\n\n\n\n<p>Le deuxi\u00e8me moment magique est advenu lors d\u2019un atelier de formation de ces derniers sur les droits de l\u2019enfant. Cette rencontre nous a permis de faire op\u00e9rer la magie en ce sens o\u00f9 les enfants se sont lib\u00e9r\u00e9s, ils ont pu partager leurs r\u00eaves, leurs aspirations mais \u00e9galement les moments les plus tristes et les plus heureux qu\u2019ils ont eu \u00e0 exp\u00e9rimenter dans leurs vies.<\/p>\n\n\n\n<p>Un autre moment magique s\u2019est pass\u00e9 cette fois ci \u00e0 Bamako lors de la deuxi\u00e8me r\u00e9union annuelle qui a r\u00e9uni les partenaires du projet. Cette rencontre a \u00e9galement enregistr\u00e9 la participation des enfants talib\u00e9. Ce qui \u00e9tait aussi une premi\u00e8re ! \u00c7a a constitu\u00e9 non seulement une opportunit\u00e9 d\u2019\u00e9changes mais aussi de plaidoyer \u00e0 l\u2019endroit des maitres coraniques pour non seulement les convaincre de l\u2019importance de leur participation mais aussi obtenir leur soutien dans le cadre du plaidoyer qu\u2019ils vont faire au nom de leurs pairs.<\/p>\n\n\n\n<p>Ce qui a \u00e9t\u00e9 un fort moment de partage appr\u00e9ci\u00e9 de part et d\u2019autres par les enfants, les maitres coraniques et tous les acteurs.<\/p>\n","protected":false},"excerpt":{"rendered":"<p>Bonjour \u00e0 toute la famille Voice ! Je m\u2019appelle Aminata Awa Bousso LY, je suis charg\u00e9e du projet Voice \u00e0 la RADDHO au S\u00e9n\u00e9gal dans le cadre du projet d\u00e9nomm\u00e9 \u00ab Mettre fin \u00e0 la mendicit\u00e9 forc\u00e9e des enfants en Afrique de l\u2019Ouest qu\u2019est ce qui marche ? \u00bb Un projet qui est \u00e9galement mis [&hellip;]<\/p>\n","protected":false},"featured_media":13809,"template":"","five-year-country":[381],"five-year-organization":[385],"fatuma":[],"class_list":["post-13775","5years","type-5years","status-publish","has-post-thumbnail","hentry","five-year-country-multi-country-fr","five-year-organization-grantees-fr"],"yoast_head":"<!-- This site is optimized with the Yoast SEO plugin v27.4 - https:\/\/yoast.com\/product\/yoast-seo-wordpress\/ -->\n<title>Aminata Awa Bousso LY - Voice.Global<\/title>\n<meta name=\"robots\" content=\"index, follow, max-snippet:-1, max-image-preview:large, max-video-preview:-1\" \/>\n<link rel=\"canonical\" href=\"https:\/\/voice.global\/fr\/5years\/magique-moment-aminata\/\" \/>\n<meta property=\"og:locale\" content=\"fr_FR\" \/>\n<meta property=\"og:type\" content=\"article\" \/>\n<meta property=\"og:title\" content=\"Aminata Awa Bousso LY - Voice.Global\" \/>\n<meta property=\"og:description\" content=\"Bonjour \u00e0 toute la famille Voice ! Je m\u2019appelle Aminata Awa Bousso LY, je suis charg\u00e9e du projet Voice \u00e0 la RADDHO au S\u00e9n\u00e9gal dans le cadre du projet d\u00e9nomm\u00e9 \u00ab Mettre fin \u00e0 la mendicit\u00e9 forc\u00e9e des enfants en Afrique de l\u2019Ouest qu\u2019est ce qui marche ? \u00bb Un projet qui est \u00e9galement mis [&hellip;]\" \/>\n<meta property=\"og:url\" content=\"https:\/\/voice.global\/fr\/5years\/magique-moment-aminata\/\" \/>\n<meta property=\"og:site_name\" content=\"Voice.Global\" \/>\n<meta property=\"article:modified_time\" content=\"2021-04-09T05:46:46+00:00\" \/>\n<meta property=\"og:image\" content=\"https:\/\/voice.global\/assets\/2021\/04\/PHOTO-2021-04-01-13-14-47-1.jpg\" \/>\n\t<meta property=\"og:image:width\" content=\"1080\" \/>\n\t<meta property=\"og:image:height\" content=\"1080\" \/>\n\t<meta property=\"og:image:type\" content=\"image\/jpeg\" \/>\n<meta name=\"twitter:card\" content=\"summary_large_image\" \/>\n<meta name=\"twitter:label1\" content=\"Dur\u00e9e de lecture estim\u00e9e\" \/>\n\t<meta name=\"twitter:data1\" content=\"2 minutes\" \/>\n<script type=\"application\/ld+json\" class=\"yoast-schema-graph\">{\"@context\":\"https:\\\/\\\/schema.org\",\"@graph\":[{\"@type\":\"WebPage\",\"@id\":\"https:\\\/\\\/voice.global\\\/fr\\\/5years\\\/magique-moment-aminata\\\/\",\"url\":\"https:\\\/\\\/voice.global\\\/fr\\\/5years\\\/magique-moment-aminata\\\/\",\"name\":\"Aminata Awa Bousso LY - Voice.Global\",\"isPartOf\":{\"@id\":\"https:\\\/\\\/voice.global\\\/#website\"},\"primaryImageOfPage\":{\"@id\":\"https:\\\/\\\/voice.global\\\/fr\\\/5years\\\/magique-moment-aminata\\\/#primaryimage\"},\"image\":{\"@id\":\"https:\\\/\\\/voice.global\\\/fr\\\/5years\\\/magique-moment-aminata\\\/#primaryimage\"},\"thumbnailUrl\":\"https:\\\/\\\/voice.global\\\/assets\\\/2021\\\/04\\\/PHOTO-2021-04-01-13-14-47-1.jpg\",\"datePublished\":\"2021-04-09T05:46:44+00:00\",\"dateModified\":\"2021-04-09T05:46:46+00:00\",\"breadcrumb\":{\"@id\":\"https:\\\/\\\/voice.global\\\/fr\\\/5years\\\/magique-moment-aminata\\\/#breadcrumb\"},\"inLanguage\":\"fr-FR\",\"potentialAction\":[{\"@type\":\"ReadAction\",\"target\":[\"https:\\\/\\\/voice.global\\\/fr\\\/5years\\\/magique-moment-aminata\\\/\"]}]},{\"@type\":\"ImageObject\",\"inLanguage\":\"fr-FR\",\"@id\":\"https:\\\/\\\/voice.global\\\/fr\\\/5years\\\/magique-moment-aminata\\\/#primaryimage\",\"url\":\"https:\\\/\\\/voice.global\\\/assets\\\/2021\\\/04\\\/PHOTO-2021-04-01-13-14-47-1.jpg\",\"contentUrl\":\"https:\\\/\\\/voice.global\\\/assets\\\/2021\\\/04\\\/PHOTO-2021-04-01-13-14-47-1.jpg\",\"width\":1080,\"height\":1080},{\"@type\":\"BreadcrumbList\",\"@id\":\"https:\\\/\\\/voice.global\\\/fr\\\/5years\\\/magique-moment-aminata\\\/#breadcrumb\",\"itemListElement\":[{\"@type\":\"ListItem\",\"position\":1,\"name\":\"Home\",\"item\":\"https:\\\/\\\/voice.global\\\/fr\\\/\"},{\"@type\":\"ListItem\",\"position\":2,\"name\":\"5Years\",\"item\":\"https:\\\/\\\/voice.global\\\/5years\\\/\"},{\"@type\":\"ListItem\",\"position\":3,\"name\":\"Aminata Awa Bousso LY\"}]},{\"@type\":\"WebSite\",\"@id\":\"https:\\\/\\\/voice.global\\\/#website\",\"url\":\"https:\\\/\\\/voice.global\\\/\",\"name\":\"Voice.Global\",\"description\":\"Include - Innovate - Influence\",\"potentialAction\":[{\"@type\":\"SearchAction\",\"target\":{\"@type\":\"EntryPoint\",\"urlTemplate\":\"https:\\\/\\\/voice.global\\\/?s={search_term_string}\"},\"query-input\":{\"@type\":\"PropertyValueSpecification\",\"valueRequired\":true,\"valueName\":\"search_term_string\"}}],\"inLanguage\":\"fr-FR\"}]}<\/script>\n<!-- \/ Yoast SEO plugin. -->","yoast_head_json":{"title":"Aminata Awa Bousso LY - Voice.Global","robots":{"index":"index","follow":"follow","max-snippet":"max-snippet:-1","max-image-preview":"max-image-preview:large","max-video-preview":"max-video-preview:-1"},"canonical":"https:\/\/voice.global\/fr\/5years\/magique-moment-aminata\/","og_locale":"fr_FR","og_type":"article","og_title":"Aminata Awa Bousso LY - Voice.Global","og_description":"Bonjour \u00e0 toute la famille Voice ! Je m\u2019appelle Aminata Awa Bousso LY, je suis charg\u00e9e du projet Voice \u00e0 la RADDHO au S\u00e9n\u00e9gal dans le cadre du projet d\u00e9nomm\u00e9 \u00ab Mettre fin \u00e0 la mendicit\u00e9 forc\u00e9e des enfants en Afrique de l\u2019Ouest qu\u2019est ce qui marche ? \u00bb Un projet qui est \u00e9galement mis [&hellip;]","og_url":"https:\/\/voice.global\/fr\/5years\/magique-moment-aminata\/","og_site_name":"Voice.Global","article_modified_time":"2021-04-09T05:46:46+00:00","og_image":[{"width":1080,"height":1080,"url":"https:\/\/voice.global\/assets\/2021\/04\/PHOTO-2021-04-01-13-14-47-1.jpg","type":"image\/jpeg"}],"twitter_card":"summary_large_image","twitter_misc":{"Dur\u00e9e de lecture estim\u00e9e":"2 minutes"},"schema":{"@context":"https:\/\/schema.org","@graph":[{"@type":"WebPage","@id":"https:\/\/voice.global\/fr\/5years\/magique-moment-aminata\/","url":"https:\/\/voice.global\/fr\/5years\/magique-moment-aminata\/","name":"Aminata Awa Bousso LY - Voice.Global","isPartOf":{"@id":"https:\/\/voice.global\/#website"},"primaryImageOfPage":{"@id":"https:\/\/voice.global\/fr\/5years\/magique-moment-aminata\/#primaryimage"},"image":{"@id":"https:\/\/voice.global\/fr\/5years\/magique-moment-aminata\/#primaryimage"},"thumbnailUrl":"https:\/\/voice.global\/assets\/2021\/04\/PHOTO-2021-04-01-13-14-47-1.jpg","datePublished":"2021-04-09T05:46:44+00:00","dateModified":"2021-04-09T05:46:46+00:00","breadcrumb":{"@id":"https:\/\/voice.global\/fr\/5years\/magique-moment-aminata\/#breadcrumb"},"inLanguage":"fr-FR","potentialAction":[{"@type":"ReadAction","target":["https:\/\/voice.global\/fr\/5years\/magique-moment-aminata\/"]}]},{"@type":"ImageObject","inLanguage":"fr-FR","@id":"https:\/\/voice.global\/fr\/5years\/magique-moment-aminata\/#primaryimage","url":"https:\/\/voice.global\/assets\/2021\/04\/PHOTO-2021-04-01-13-14-47-1.jpg","contentUrl":"https:\/\/voice.global\/assets\/2021\/04\/PHOTO-2021-04-01-13-14-47-1.jpg","width":1080,"height":1080},{"@type":"BreadcrumbList","@id":"https:\/\/voice.global\/fr\/5years\/magique-moment-aminata\/#breadcrumb","itemListElement":[{"@type":"ListItem","position":1,"name":"Home","item":"https:\/\/voice.global\/fr\/"},{"@type":"ListItem","position":2,"name":"5Years","item":"https:\/\/voice.global\/5years\/"},{"@type":"ListItem","position":3,"name":"Aminata Awa Bousso LY"}]},{"@type":"WebSite","@id":"https:\/\/voice.global\/#website","url":"https:\/\/voice.global\/","name":"Voice.Global","description":"Include - Innovate - Influence","potentialAction":[{"@type":"SearchAction","target":{"@type":"EntryPoint","urlTemplate":"https:\/\/voice.global\/?s={search_term_string}"},"query-input":{"@type":"PropertyValueSpecification","valueRequired":true,"valueName":"search_term_string"}}],"inLanguage":"fr-FR"}]}},"_links":{"self":[{"href":"https:\/\/voice.global\/fr\/wp-json\/wp\/v2\/5years\/13775","targetHints":{"allow":["GET"]}}],"collection":[{"href":"https:\/\/voice.global\/fr\/wp-json\/wp\/v2\/5years"}],"about":[{"href":"https:\/\/voice.global\/fr\/wp-json\/wp\/v2\/types\/5years"}],"wp:featuredmedia":[{"embeddable":true,"href":"https:\/\/voice.global\/fr\/wp-json\/wp\/v2\/media\/13809"}],"wp:attachment":[{"href":"https:\/\/voice.global\/fr\/wp-json\/wp\/v2\/media?parent=13775"}],"wp:term":[{"taxonomy":"five-year-country","embeddable":true,"href":"https:\/\/voice.global\/fr\/wp-json\/wp\/v2\/five-year-country?post=13775"},{"taxonomy":"five-year-organization","embeddable":true,"href":"https:\/\/voice.global\/fr\/wp-json\/wp\/v2\/five-year-organization?post=13775"},{"taxonomy":"fatuma","embeddable":true,"href":"https:\/\/voice.global\/fr\/wp-json\/wp\/v2\/fatuma?post=13775"}],"curies":[{"name":"wp","href":"https:\/\/api.w.org\/{rel}","templated":true}]}}

<p>Bonjour à toute la famille Voice ! Je m’appelle Aminata Awa Bousso LY, je suis chargée du projet Voice à la RADDHO au Sénégal dans le cadre du projet dénommé « Mettre fin à la mendicité forcée des enfants en Afrique de l’Ouest qu’est ce qui marche ? » Un projet qui est également mis en œuvre avec deux autres organisations partenaires, Enda au Mali et ANTD au Niger.</p>



<p>Dans le cadre de cette initiative, on peut dire que Voice nous a permis d’expérimenter beaucoup de moments magiques à travers des activités innovantes.</p>



<p>Le premier moment magique a été la mise sur pied d’une association de talibé à Dakar, ce qui était une première au Sénégal. Ces enfants qui ont toujours été considérés comme des êtres vulnérables qui mendient à longueur de journée, se sont vus créer un cadre entre enfants qui leur permettrait de faire entendre leurs voix et de participer au plaidoyer pour l’amélioration de leurs conditions de vie et d’apprentissage.</p>



<p>Le deuxième moment magique est advenu lors d’un atelier de formation de ces derniers sur les droits de l’enfant. Cette rencontre nous a permis de faire opérer la magie en ce sens où les enfants se sont libérés, ils ont pu partager leurs rêves, leurs aspirations mais également les moments les plus tristes et les plus heureux qu’ils ont eu à expérimenter dans leurs vies.</p>



<p>Un autre moment magique s’est passé cette fois ci à Bamako lors de la deuxième réunion annuelle qui a réuni les partenaires du projet. Cette rencontre a également enregistré la participation des enfants talibé. Ce qui était aussi une première ! Ça a constitué non seulement une opportunité d’échanges mais aussi de plaidoyer à l’endroit des maitres coraniques pour non seulement les convaincre de l’importance de leur participation mais aussi obtenir leur soutien dans le cadre du plaidoyer qu’ils vont faire au nom de leurs pairs.</p>



<p>Ce qui a été un fort moment de partage apprécié de part et d’autres par les enfants, les maitres coraniques et tous les acteurs.</p>

<p>Bonjour à toute la famille Voice ! Je m’appelle Aminata Awa Bousso LY, je suis chargée du projet Voice à la RADDHO au Sénégal dans le cadre du projet dénommé « Mettre fin à la mendicité forcée des enfants en Afrique de l’Ouest qu’est ce qui marche ? » Un projet qui est également mis [&hellip;]</p>

<!-- This site is optimized with the Yoast SEO plugin v27.4 - https://yoast.com/product/yoast-seo-wordpress/ -->
<title>Aminata Awa Bousso LY - Voice.Global</title>
<meta name="robots" content="index, follow, max-snippet:-1, max-image-preview:large, max-video-preview:-1" />
<link rel="canonical" href="https://voice.global/fr/5years/magique-moment-aminata/" />
<meta property="og:locale" content="fr_FR" />
<meta property="og:type" content="article" />
<meta property="og:title" content="Aminata Awa Bousso LY - Voice.Global" />
<meta property="og:description" content="Bonjour à toute la famille Voice ! Je m’appelle Aminata Awa Bousso LY, je suis chargée du projet Voice à la RADDHO au Sénégal dans le cadre du projet dénommé « Mettre fin à la mendicité forcée des enfants en Afrique de l’Ouest qu’est ce qui marche ? » Un projet qui est également mis [&hellip;]" />
<meta property="og:url" content="https://voice.global/fr/5years/magique-moment-aminata/" />
<meta property="og:site_name" content="Voice.Global" />
<meta property="article:modified_time" content="2021-04-09T05:46:46+00:00" />
<meta property="og:image" content="https://voice.global/assets/2021/04/PHOTO-2021-04-01-13-14-47-1.jpg" />
	<meta property="og:image:width" content="1080" />
	<meta property="og:image:height" content="1080" />
	<meta property="og:image:type" content="image/jpeg" />
<meta name="twitter:card" content="summary_large_image" />
<meta name="twitter:label1" content="Durée de lecture estimée" />
	<meta name="twitter:data1" content="2 minutes" />
<script type="application/ld+json" class="yoast-schema-graph">{"@context":"https:\/\/schema.org","@graph":[{"@type":"WebPage","@id":"https:\/\/voice.global\/fr\/5years\/magique-moment-aminata\/","url":"https:\/\/voice.global\/fr\/5years\/magique-moment-aminata\/","name":"Aminata Awa Bousso LY - Voice.Global","isPartOf":{"@id":"https:\/\/voice.global\/#website"},"primaryImageOfPage":{"@id":"https:\/\/voice.global\/fr\/5years\/magique-moment-aminata\/#primaryimage"},"image":{"@id":"https:\/\/voice.global\/fr\/5years\/magique-moment-aminata\/#primaryimage"},"thumbnailUrl":"https:\/\/voice.global\/assets\/2021\/04\/PHOTO-2021-04-01-13-14-47-1.jpg","datePublished":"2021-04-09T05:46:44+00:00","dateModified":"2021-04-09T05:46:46+00:00","breadcrumb":{"@id":"https:\/\/voice.global\/fr\/5years\/magique-moment-aminata\/#breadcrumb"},"inLanguage":"fr-FR","potentialAction":[{"@type":"ReadAction","target":["https:\/\/voice.global\/fr\/5years\/magique-moment-aminata\/"]}]},{"@type":"ImageObject","inLanguage":"fr-FR","@id":"https:\/\/voice.global\/fr\/5years\/magique-moment-aminata\/#primaryimage","url":"https:\/\/voice.global\/assets\/2021\/04\/PHOTO-2021-04-01-13-14-47-1.jpg","contentUrl":"https:\/\/voice.global\/assets\/2021\/04\/PHOTO-2021-04-01-13-14-47-1.jpg","width":1080,"height":1080},{"@type":"BreadcrumbList","@id":"https:\/\/voice.global\/fr\/5years\/magique-moment-aminata\/#breadcrumb","itemListElement":[{"@type":"ListItem","position":1,"name":"Home","item":"https:\/\/voice.global\/fr\/"},{"@type":"ListItem","position":2,"name":"5Years","item":"https:\/\/voice.global\/5years\/"},{"@type":"ListItem","position":3,"name":"Aminata Awa Bousso LY"}]},{"@type":"WebSite","@id":"https:\/\/voice.global\/#website","url":"https:\/\/voice.global\/","name":"Voice.Global","description":"Include - Innovate - Influence","potentialAction":[{"@type":"SearchAction","target":{"@type":"EntryPoint","urlTemplate":"https:\/\/voice.global\/?s={search_term_string}"},"query-input":{"@type":"PropertyValueSpecification","valueRequired":true,"valueName":"search_term_string"}}],"inLanguage":"fr-FR"}]}</script>
<!-- / Yoast SEO plugin. -->

Bonjour à toute la famille Voice ! Je m’appelle Aminata Awa Bousso LY, je suis chargée du projet Voice à la RADDHO au Sénégal dans le cadre du projet dénommé « Mettre fin à la mendicité forcée des enfants en Afrique de l’Ouest qu’est ce qui marche ? » Un projet qui est également mis [&hellip;]
