{"id":13177,"date":"2021-02-26T16:42:21","date_gmt":"2021-02-26T15:42:21","guid":{"rendered":"https:\/\/voice.global\/?post_type=5years&#038;p=13177"},"modified":"2021-02-26T16:51:18","modified_gmt":"2021-02-26T15:51:18","slug":"magique-moment-anke","status":"publish","type":"5years","link":"https:\/\/voice.global\/fr\/5years\/magique-moment-anke\/","title":{"rendered":"Anke Van Dam, Retrait\u00e9 du Minist\u00e8re des Affaires Etrang\u00e8res, Pays-Bas"},"content":{"rendered":"\n<p>J&rsquo;\u00e9tais invit\u00e9, comme membre du Conseil Consultatif, \u00e0 participer \u00e0 une visite du programme Voice au Mali. Ce voyage a \u00e9t\u00e9 en g\u00e9n\u00e9ral tr\u00e8s enrichissant, car il a permis de montrer l&rsquo;importance des diff\u00e9rentes activit\u00e9s pour donner une voix aux groupes qui n&rsquo;en avaient pratiquement pas. Au sein du conseil consultatif, nous avons discut\u00e9 de plusieurs principes et id\u00e9es qui se trouvent au c\u0153ur du programme Voice, et il \u00e9tait tr\u00e8s int\u00e9ressant de voir comment cela se passait en pratique.<\/p>\n\n\n\n<p>Pour moi, il y a eu deux moments magiques. Le premier a eu lieu pendant le festival, o\u00f9 diff\u00e9rents groupes faisant partie du programme se sont pr\u00e9sent\u00e9s. Il y a eu un moment o\u00f9 les diff\u00e9rents groupes se sont rassembl\u00e9s sur la sc\u00e8ne pour montrer leur solidarit\u00e9 les uns envers les autres, leur engagement \u00e0 travailler ensemble et leur motivation \u00e0 partager leurs exp\u00e9riences. Cela a constitu\u00e9 un exemple remarquable d&rsquo;intersectionnalit\u00e9, un sujet qui a \u00e9t\u00e9 largement discut\u00e9 au sein du conseil consultatif.<\/p>\n\n\n\n<p>Le deuxi\u00e8me moment a \u00e9t\u00e9 une rencontre avec la communaut\u00e9 LGBTI. Il n&rsquo;y a pas de photos disponibles car, pour ce groupe, il est difficile d&rsquo;\u00eatre tr\u00e8s visible. Leur parler a \u00e9t\u00e9 tr\u00e8s \u00e9motif. Savoir quelles sont leurs difficult\u00e9s dans la vie. Ils ne sont pas capables de montrer leur propre identit\u00e9, mais en m\u00eame temps, ils sont tr\u00e8s actifs pour changer la soci\u00e9t\u00e9 et \u00eatre accept\u00e9s. C&rsquo;\u00e9tait vraiment incroyable.<\/p>\n","protected":false},"excerpt":{"rendered":"<p>Anke partage ses moments magiques sur la vision de l&rsquo;intersectionnalit\u00e9 et de la communaut\u00e9 LGBTI telle que v\u00e9cue lors de la visite du Conseil Consultatif au Mali<\/p>\n","protected":false},"featured_media":13095,"template":"","five-year-country":[374],"five-year-organization":[],"fatuma":[],"class_list":["post-13177","5years","type-5years","status-publish","has-post-thumbnail","hentry","five-year-country-mali-fr"],"yoast_head":"<!-- This site is optimized with the Yoast SEO plugin v27.4 - https:\/\/yoast.com\/product\/yoast-seo-wordpress\/ -->\n<title>Anke Van Dam, Retrait\u00e9 du Minist\u00e8re des Affaires Etrang\u00e8res, Pays-Bas - Voice.Global<\/title>\n<meta name=\"robots\" content=\"index, follow, max-snippet:-1, max-image-preview:large, max-video-preview:-1\" \/>\n<link rel=\"canonical\" href=\"https:\/\/voice.global\/fr\/5years\/magique-moment-anke\/\" \/>\n<meta property=\"og:locale\" content=\"fr_FR\" \/>\n<meta property=\"og:type\" content=\"article\" \/>\n<meta property=\"og:title\" content=\"Anke Van Dam, Retrait\u00e9 du Minist\u00e8re des Affaires Etrang\u00e8res, Pays-Bas - Voice.Global\" \/>\n<meta property=\"og:description\" content=\"Anke partage ses moments magiques sur la vision de l&#039;intersectionnalit\u00e9 et de la communaut\u00e9 LGBTI telle que v\u00e9cue lors de la visite du Conseil Consultatif au Mali\" \/>\n<meta property=\"og:url\" content=\"https:\/\/voice.global\/fr\/5years\/magique-moment-anke\/\" \/>\n<meta property=\"og:site_name\" content=\"Voice.Global\" \/>\n<meta property=\"article:modified_time\" content=\"2021-02-26T15:51:18+00:00\" \/>\n<meta property=\"og:image\" content=\"https:\/\/voice.global\/assets\/2021\/02\/Mali-Voice--1024x768.jpg\" \/>\n\t<meta property=\"og:image:width\" content=\"1024\" \/>\n\t<meta property=\"og:image:height\" content=\"768\" \/>\n\t<meta property=\"og:image:type\" content=\"image\/jpeg\" \/>\n<meta name=\"twitter:card\" content=\"summary_large_image\" \/>\n<meta name=\"twitter:label1\" content=\"Dur\u00e9e de lecture estim\u00e9e\" \/>\n\t<meta name=\"twitter:data1\" content=\"1 minute\" \/>\n<script type=\"application\/ld+json\" class=\"yoast-schema-graph\">{\"@context\":\"https:\\\/\\\/schema.org\",\"@graph\":[{\"@type\":\"WebPage\",\"@id\":\"https:\\\/\\\/voice.global\\\/fr\\\/5years\\\/magique-moment-anke\\\/\",\"url\":\"https:\\\/\\\/voice.global\\\/fr\\\/5years\\\/magique-moment-anke\\\/\",\"name\":\"Anke Van Dam, Retrait\u00e9 du Minist\u00e8re des Affaires Etrang\u00e8res, Pays-Bas - Voice.Global\",\"isPartOf\":{\"@id\":\"https:\\\/\\\/voice.global\\\/#website\"},\"primaryImageOfPage\":{\"@id\":\"https:\\\/\\\/voice.global\\\/fr\\\/5years\\\/magique-moment-anke\\\/#primaryimage\"},\"image\":{\"@id\":\"https:\\\/\\\/voice.global\\\/fr\\\/5years\\\/magique-moment-anke\\\/#primaryimage\"},\"thumbnailUrl\":\"https:\\\/\\\/voice.global\\\/assets\\\/2021\\\/02\\\/Mali-Voice--scaled.jpg\",\"datePublished\":\"2021-02-26T15:42:21+00:00\",\"dateModified\":\"2021-02-26T15:51:18+00:00\",\"breadcrumb\":{\"@id\":\"https:\\\/\\\/voice.global\\\/fr\\\/5years\\\/magique-moment-anke\\\/#breadcrumb\"},\"inLanguage\":\"fr-FR\",\"potentialAction\":[{\"@type\":\"ReadAction\",\"target\":[\"https:\\\/\\\/voice.global\\\/fr\\\/5years\\\/magique-moment-anke\\\/\"]}]},{\"@type\":\"ImageObject\",\"inLanguage\":\"fr-FR\",\"@id\":\"https:\\\/\\\/voice.global\\\/fr\\\/5years\\\/magique-moment-anke\\\/#primaryimage\",\"url\":\"https:\\\/\\\/voice.global\\\/assets\\\/2021\\\/02\\\/Mali-Voice--scaled.jpg\",\"contentUrl\":\"https:\\\/\\\/voice.global\\\/assets\\\/2021\\\/02\\\/Mali-Voice--scaled.jpg\",\"width\":2560,\"height\":1920},{\"@type\":\"BreadcrumbList\",\"@id\":\"https:\\\/\\\/voice.global\\\/fr\\\/5years\\\/magique-moment-anke\\\/#breadcrumb\",\"itemListElement\":[{\"@type\":\"ListItem\",\"position\":1,\"name\":\"Home\",\"item\":\"https:\\\/\\\/voice.global\\\/fr\\\/\"},{\"@type\":\"ListItem\",\"position\":2,\"name\":\"5Years\",\"item\":\"https:\\\/\\\/voice.global\\\/5years\\\/\"},{\"@type\":\"ListItem\",\"position\":3,\"name\":\"Anke Van Dam, Retrait\u00e9 du Minist\u00e8re des Affaires Etrang\u00e8res, Pays-Bas\"}]},{\"@type\":\"WebSite\",\"@id\":\"https:\\\/\\\/voice.global\\\/#website\",\"url\":\"https:\\\/\\\/voice.global\\\/\",\"name\":\"Voice.Global\",\"description\":\"Include - Innovate - Influence\",\"potentialAction\":[{\"@type\":\"SearchAction\",\"target\":{\"@type\":\"EntryPoint\",\"urlTemplate\":\"https:\\\/\\\/voice.global\\\/?s={search_term_string}\"},\"query-input\":{\"@type\":\"PropertyValueSpecification\",\"valueRequired\":true,\"valueName\":\"search_term_string\"}}],\"inLanguage\":\"fr-FR\"}]}<\/script>\n<!-- \/ Yoast SEO plugin. -->","yoast_head_json":{"title":"Anke Van Dam, Retrait\u00e9 du Minist\u00e8re des Affaires Etrang\u00e8res, Pays-Bas - Voice.Global","robots":{"index":"index","follow":"follow","max-snippet":"max-snippet:-1","max-image-preview":"max-image-preview:large","max-video-preview":"max-video-preview:-1"},"canonical":"https:\/\/voice.global\/fr\/5years\/magique-moment-anke\/","og_locale":"fr_FR","og_type":"article","og_title":"Anke Van Dam, Retrait\u00e9 du Minist\u00e8re des Affaires Etrang\u00e8res, Pays-Bas - Voice.Global","og_description":"Anke partage ses moments magiques sur la vision de l'intersectionnalit\u00e9 et de la communaut\u00e9 LGBTI telle que v\u00e9cue lors de la visite du Conseil Consultatif au Mali","og_url":"https:\/\/voice.global\/fr\/5years\/magique-moment-anke\/","og_site_name":"Voice.Global","article_modified_time":"2021-02-26T15:51:18+00:00","og_image":[{"width":1024,"height":768,"url":"https:\/\/voice.global\/assets\/2021\/02\/Mali-Voice--1024x768.jpg","type":"image\/jpeg"}],"twitter_card":"summary_large_image","twitter_misc":{"Dur\u00e9e de lecture estim\u00e9e":"1 minute"},"schema":{"@context":"https:\/\/schema.org","@graph":[{"@type":"WebPage","@id":"https:\/\/voice.global\/fr\/5years\/magique-moment-anke\/","url":"https:\/\/voice.global\/fr\/5years\/magique-moment-anke\/","name":"Anke Van Dam, Retrait\u00e9 du Minist\u00e8re des Affaires Etrang\u00e8res, Pays-Bas - Voice.Global","isPartOf":{"@id":"https:\/\/voice.global\/#website"},"primaryImageOfPage":{"@id":"https:\/\/voice.global\/fr\/5years\/magique-moment-anke\/#primaryimage"},"image":{"@id":"https:\/\/voice.global\/fr\/5years\/magique-moment-anke\/#primaryimage"},"thumbnailUrl":"https:\/\/voice.global\/assets\/2021\/02\/Mali-Voice--scaled.jpg","datePublished":"2021-02-26T15:42:21+00:00","dateModified":"2021-02-26T15:51:18+00:00","breadcrumb":{"@id":"https:\/\/voice.global\/fr\/5years\/magique-moment-anke\/#breadcrumb"},"inLanguage":"fr-FR","potentialAction":[{"@type":"ReadAction","target":["https:\/\/voice.global\/fr\/5years\/magique-moment-anke\/"]}]},{"@type":"ImageObject","inLanguage":"fr-FR","@id":"https:\/\/voice.global\/fr\/5years\/magique-moment-anke\/#primaryimage","url":"https:\/\/voice.global\/assets\/2021\/02\/Mali-Voice--scaled.jpg","contentUrl":"https:\/\/voice.global\/assets\/2021\/02\/Mali-Voice--scaled.jpg","width":2560,"height":1920},{"@type":"BreadcrumbList","@id":"https:\/\/voice.global\/fr\/5years\/magique-moment-anke\/#breadcrumb","itemListElement":[{"@type":"ListItem","position":1,"name":"Home","item":"https:\/\/voice.global\/fr\/"},{"@type":"ListItem","position":2,"name":"5Years","item":"https:\/\/voice.global\/5years\/"},{"@type":"ListItem","position":3,"name":"Anke Van Dam, Retrait\u00e9 du Minist\u00e8re des Affaires Etrang\u00e8res, Pays-Bas"}]},{"@type":"WebSite","@id":"https:\/\/voice.global\/#website","url":"https:\/\/voice.global\/","name":"Voice.Global","description":"Include - Innovate - Influence","potentialAction":[{"@type":"SearchAction","target":{"@type":"EntryPoint","urlTemplate":"https:\/\/voice.global\/?s={search_term_string}"},"query-input":{"@type":"PropertyValueSpecification","valueRequired":true,"valueName":"search_term_string"}}],"inLanguage":"fr-FR"}]}},"_links":{"self":[{"href":"https:\/\/voice.global\/fr\/wp-json\/wp\/v2\/5years\/13177","targetHints":{"allow":["GET"]}}],"collection":[{"href":"https:\/\/voice.global\/fr\/wp-json\/wp\/v2\/5years"}],"about":[{"href":"https:\/\/voice.global\/fr\/wp-json\/wp\/v2\/types\/5years"}],"wp:featuredmedia":[{"embeddable":true,"href":"https:\/\/voice.global\/fr\/wp-json\/wp\/v2\/media\/13095"}],"wp:attachment":[{"href":"https:\/\/voice.global\/fr\/wp-json\/wp\/v2\/media?parent=13177"}],"wp:term":[{"taxonomy":"five-year-country","embeddable":true,"href":"https:\/\/voice.global\/fr\/wp-json\/wp\/v2\/five-year-country?post=13177"},{"taxonomy":"five-year-organization","embeddable":true,"href":"https:\/\/voice.global\/fr\/wp-json\/wp\/v2\/five-year-organization?post=13177"},{"taxonomy":"fatuma","embeddable":true,"href":"https:\/\/voice.global\/fr\/wp-json\/wp\/v2\/fatuma?post=13177"}],"curies":[{"name":"wp","href":"https:\/\/api.w.org\/{rel}","templated":true}]}}

Anke Van Dam, Retraité du Ministère des Affaires Etrangères, Pays-Bas

<p>J&rsquo;étais invité, comme membre du Conseil Consultatif, à participer à une visite du programme Voice au Mali. Ce voyage a été en général très enrichissant, car il a permis de montrer l&rsquo;importance des différentes activités pour donner une voix aux groupes qui n&rsquo;en avaient pratiquement pas. Au sein du conseil consultatif, nous avons discuté de plusieurs principes et idées qui se trouvent au cœur du programme Voice, et il était très intéressant de voir comment cela se passait en pratique.</p>



<p>Pour moi, il y a eu deux moments magiques. Le premier a eu lieu pendant le festival, où différents groupes faisant partie du programme se sont présentés. Il y a eu un moment où les différents groupes se sont rassemblés sur la scène pour montrer leur solidarité les uns envers les autres, leur engagement à travailler ensemble et leur motivation à partager leurs expériences. Cela a constitué un exemple remarquable d&rsquo;intersectionnalité, un sujet qui a été largement discuté au sein du conseil consultatif.</p>



<p>Le deuxième moment a été une rencontre avec la communauté LGBTI. Il n&rsquo;y a pas de photos disponibles car, pour ce groupe, il est difficile d&rsquo;être très visible. Leur parler a été très émotif. Savoir quelles sont leurs difficultés dans la vie. Ils ne sont pas capables de montrer leur propre identité, mais en même temps, ils sont très actifs pour changer la société et être acceptés. C&rsquo;était vraiment incroyable.</p>

<p>Anke partage ses moments magiques sur la vision de l&rsquo;intersectionnalité et de la communauté LGBTI telle que vécue lors de la visite du Conseil Consultatif au Mali</p>

<!-- This site is optimized with the Yoast SEO plugin v27.4 - https://yoast.com/product/yoast-seo-wordpress/ -->
<title>Anke Van Dam, Retraité du Ministère des Affaires Etrangères, Pays-Bas - Voice.Global</title>
<meta name="robots" content="index, follow, max-snippet:-1, max-image-preview:large, max-video-preview:-1" />
<link rel="canonical" href="https://voice.global/fr/5years/magique-moment-anke/" />
<meta property="og:locale" content="fr_FR" />
<meta property="og:type" content="article" />
<meta property="og:title" content="Anke Van Dam, Retraité du Ministère des Affaires Etrangères, Pays-Bas - Voice.Global" />
<meta property="og:description" content="Anke partage ses moments magiques sur la vision de l&#039;intersectionnalité et de la communauté LGBTI telle que vécue lors de la visite du Conseil Consultatif au Mali" />
<meta property="og:url" content="https://voice.global/fr/5years/magique-moment-anke/" />
<meta property="og:site_name" content="Voice.Global" />
<meta property="article:modified_time" content="2021-02-26T15:51:18+00:00" />
<meta property="og:image" content="https://voice.global/assets/2021/02/Mali-Voice--1024x768.jpg" />
	<meta property="og:image:width" content="1024" />
	<meta property="og:image:height" content="768" />
	<meta property="og:image:type" content="image/jpeg" />
<meta name="twitter:card" content="summary_large_image" />
<meta name="twitter:label1" content="Durée de lecture estimée" />
	<meta name="twitter:data1" content="1 minute" />
<script type="application/ld+json" class="yoast-schema-graph">{"@context":"https:\/\/schema.org","@graph":[{"@type":"WebPage","@id":"https:\/\/voice.global\/fr\/5years\/magique-moment-anke\/","url":"https:\/\/voice.global\/fr\/5years\/magique-moment-anke\/","name":"Anke Van Dam, Retraité du Ministère des Affaires Etrangères, Pays-Bas - Voice.Global","isPartOf":{"@id":"https:\/\/voice.global\/#website"},"primaryImageOfPage":{"@id":"https:\/\/voice.global\/fr\/5years\/magique-moment-anke\/#primaryimage"},"image":{"@id":"https:\/\/voice.global\/fr\/5years\/magique-moment-anke\/#primaryimage"},"thumbnailUrl":"https:\/\/voice.global\/assets\/2021\/02\/Mali-Voice--scaled.jpg","datePublished":"2021-02-26T15:42:21+00:00","dateModified":"2021-02-26T15:51:18+00:00","breadcrumb":{"@id":"https:\/\/voice.global\/fr\/5years\/magique-moment-anke\/#breadcrumb"},"inLanguage":"fr-FR","potentialAction":[{"@type":"ReadAction","target":["https:\/\/voice.global\/fr\/5years\/magique-moment-anke\/"]}]},{"@type":"ImageObject","inLanguage":"fr-FR","@id":"https:\/\/voice.global\/fr\/5years\/magique-moment-anke\/#primaryimage","url":"https:\/\/voice.global\/assets\/2021\/02\/Mali-Voice--scaled.jpg","contentUrl":"https:\/\/voice.global\/assets\/2021\/02\/Mali-Voice--scaled.jpg","width":2560,"height":1920},{"@type":"BreadcrumbList","@id":"https:\/\/voice.global\/fr\/5years\/magique-moment-anke\/#breadcrumb","itemListElement":[{"@type":"ListItem","position":1,"name":"Home","item":"https:\/\/voice.global\/fr\/"},{"@type":"ListItem","position":2,"name":"5Years","item":"https:\/\/voice.global\/5years\/"},{"@type":"ListItem","position":3,"name":"Anke Van Dam, Retraité du Ministère des Affaires Etrangères, Pays-Bas"}]},{"@type":"WebSite","@id":"https:\/\/voice.global\/#website","url":"https:\/\/voice.global\/","name":"Voice.Global","description":"Include - Innovate - Influence","potentialAction":[{"@type":"SearchAction","target":{"@type":"EntryPoint","urlTemplate":"https:\/\/voice.global\/?s={search_term_string}"},"query-input":{"@type":"PropertyValueSpecification","valueRequired":true,"valueName":"search_term_string"}}],"inLanguage":"fr-FR"}]}</script>
<!-- / Yoast SEO plugin. -->

Anke Van Dam, Retraité du Ministère des Affaires Etrangères, Pays-Bas - Voice.Global

Anke partage ses moments magiques sur la vision de l'intersectionnalité et de la communauté LGBTI telle que vécue lors de la visite du Conseil Consultatif au Mali
