{"version":"1.0","provider_name":"Voice.Global","provider_url":"https:\/\/voice.global\/fr\/","title":"D\u00e9fendre l'inclusion dans les services sociaux - Voice.Global","type":"rich","width":600,"height":338,"html":"<blockquote class=\"wp-embedded-content\" data-secret=\"Q6TfJgrWkz\"><a href=\"https:\/\/voice.global\/fr\/partenaires\/defendre-inclusion-services-sociaux\/\">D\u00e9fendre l&rsquo;inclusion dans les services sociaux<\/a><\/blockquote><iframe sandbox=\"allow-scripts\" security=\"restricted\" src=\"https:\/\/voice.global\/fr\/partenaires\/defendre-inclusion-services-sociaux\/embed\/#?secret=Q6TfJgrWkz\" width=\"600\" height=\"338\" title=\"\u00ab\u00a0D\u00e9fendre l&rsquo;inclusion dans les services sociaux\u00a0\u00bb &#8212; Voice.Global\" data-secret=\"Q6TfJgrWkz\" frameborder=\"0\" marginwidth=\"0\" marginheight=\"0\" scrolling=\"no\" class=\"wp-embedded-content\"><\/iframe><script type=\"text\/javascript\">\n\/* <![CDATA[ *\/\n\/*! This file is auto-generated *\/\n!function(d,l){\"use strict\";l.querySelector&&d.addEventListener&&\"undefined\"!=typeof URL&&(d.wp=d.wp||{},d.wp.receiveEmbedMessage||(d.wp.receiveEmbedMessage=function(e){var t=e.data;if((t||t.secret||t.message||t.value)&&!\/[^a-zA-Z0-9]\/.test(t.secret)){for(var s,r,n,a=l.querySelectorAll('iframe[data-secret=\"'+t.secret+'\"]'),o=l.querySelectorAll('blockquote[data-secret=\"'+t.secret+'\"]'),c=new RegExp(\"^https?:$\",\"i\"),i=0;i<o.length;i++)o[i].style.display=\"none\";for(i=0;i<a.length;i++)s=a[i],e.source===s.contentWindow&&(s.removeAttribute(\"style\"),\"height\"===t.message?(1e3<(r=parseInt(t.value,10))?r=1e3:~~r<200&&(r=200),s.height=r):\"link\"===t.message&&(r=new URL(s.getAttribute(\"src\")),n=new URL(t.value),c.test(n.protocol))&&n.host===r.host&&l.activeElement===s&&(d.top.location.href=t.value))}},d.addEventListener(\"message\",d.wp.receiveEmbedMessage,!1),l.addEventListener(\"DOMContentLoaded\",function(){for(var e,t,s=l.querySelectorAll(\"iframe.wp-embedded-content\"),r=0;r<s.length;r++)(t=(e=s[r]).getAttribute(\"data-secret\"))||(t=Math.random().toString(36).substring(2,12),e.src+=\"#?secret=\"+t,e.setAttribute(\"data-secret\",t)),e.contentWindow.postMessage({message:\"ready\",secret:t},\"*\")},!1)))}(window,document);\n\/\/# sourceURL=https:\/\/voice.global\/wp-includes\/js\/wp-embed.min.js\n\/* ]]> *\/\n<\/script>\n","thumbnail_url":"https:\/\/voice.global\/assets\/2023\/08\/UG_MADIPHA.jpg","thumbnail_width":243,"thumbnail_height":395,"description":"Le principal objectif du projet est de renforcer la confiance et les comp\u00e9tences des personnes en situation de handicap vivant avec le VIH et affect\u00e9es par la tuberculose afin qu'elles puissent faire face \u00e0 la stigmatisation dont elles sont victimes dans le cadre de la prestation de services sociaux (sant\u00e9 et \u00e9ducation) dans deux sous-comt\u00e9s de Nyendo-Mukungwe et Kyesiiga de la ville\/district de Masaka."}

Défendre l'inclusion dans les services sociaux - Voice.Global

<blockquote class="wp-embedded-content" data-secret="Q6TfJgrWkz"><a href="https://voice.global/fr/partenaires/defendre-inclusion-services-sociaux/">Défendre l&rsquo;inclusion dans les services sociaux</a></blockquote><iframe sandbox="allow-scripts" security="restricted" src="https://voice.global/fr/partenaires/defendre-inclusion-services-sociaux/embed/#?secret=Q6TfJgrWkz" width="600" height="338" title="« Défendre l&rsquo;inclusion dans les services sociaux » &#8212; Voice.Global" data-secret="Q6TfJgrWkz" frameborder="0" marginwidth="0" marginheight="0" scrolling="no" class="wp-embedded-content"></iframe><script type="text/javascript">
/* <![CDATA[ */
/*! This file is auto-generated */
!function(d,l){"use strict";l.querySelector&&d.addEventListener&&"undefined"!=typeof URL&&(d.wp=d.wp||{},d.wp.receiveEmbedMessage||(d.wp.receiveEmbedMessage=function(e){var t=e.data;if((t||t.secret||t.message||t.value)&&!/[^a-zA-Z0-9]/.test(t.secret)){for(var s,r,n,a=l.querySelectorAll('iframe[data-secret="'+t.secret+'"]'),o=l.querySelectorAll('blockquote[data-secret="'+t.secret+'"]'),c=new RegExp("^https?:$","i"),i=0;i<o.length;i++)o[i].style.display="none";for(i=0;i<a.length;i++)s=a[i],e.source===s.contentWindow&&(s.removeAttribute("style"),"height"===t.message?(1e3<(r=parseInt(t.value,10))?r=1e3:~~r<200&&(r=200),s.height=r):"link"===t.message&&(r=new URL(s.getAttribute("src")),n=new URL(t.value),c.test(n.protocol))&&n.host===r.host&&l.activeElement===s&&(d.top.location.href=t.value))}},d.addEventListener("message",d.wp.receiveEmbedMessage,!1),l.addEventListener("DOMContentLoaded",function(){for(var e,t,s=l.querySelectorAll("iframe.wp-embedded-content"),r=0;r<s.length;r++)(t=(e=s[r]).getAttribute("data-secret"))||(t=Math.random().toString(36).substring(2,12),e.src+="#?secret="+t,e.setAttribute("data-secret",t)),e.contentWindow.postMessage({message:"ready",secret:t},"*")},!1)))}(window,document);
//# sourceURL=https://voice.global/wp-includes/js/wp-embed.min.js
/* ]]> */
</script>

Le principal objectif du projet est de renforcer la confiance et les compétences des personnes en situation de handicap vivant avec le VIH et affectées par la tuberculose afin qu'elles puissent faire face à la stigmatisation dont elles sont victimes dans le cadre de la prestation de services sociaux (santé et éducation) dans deux sous-comtés de Nyendo-Mukungwe et Kyesiiga de la ville/district de Masaka.
